2. What are the prime factors of w?
2, 7
List the prime factors of (-6 + (-5)/(-1))*1*-55.
5, 11
Suppose -2*d + 111 = -5*q, 2*q - 69 = -d - 0*d. List the prime factors of d.
3, 7
Let n(l) = 16*l**2 + l - 1. Suppose w + c = 1, 0*c - 5 = -5*w - 4*c. List the prime factors of n(w).
2
Let s = 19 + -13. What are the prime factors of s?
2, 3
Let u(z) = 3*z**3 + 10*z**2 + 16*z + 17. Let f(d) = 2*d**3 + 7*d**2 + 11*d + 11. Let n(a) = -8*f(a) + 5*u(a). List the prime factors of n(-5).
2, 3
Suppose 3*i + t + 39 - 291 = 0, 2*i - 5*t = 168. What are the prime factors of i?
2, 3, 7
Suppose -179*h = -178*h - 128. List the prime factors of h.
2
Let l(c) = c**3 + c**2 - c - 1. Let p(g) = 5*g**3 + 5*g**2 - 8*g - 24. Let q(k) = 6*l(k) - p(k). What are the prime factors of q(0)?
2, 3
Let k(h) = h**3 + 11*h**2 + 13*h + 3. Let m be k(-10). What are the prime factors of m/2*(-2)/3?
3
Let g(v) = v**3 + 14*v**2 - 17*v - 19. List the prime factors of g(-15).
11
Let c be 5/(10/(-12)) + -3. What are the prime factors of (-3)/(-2)*(-126)/c?
3, 7
Suppose -2*i - 3*f - 18 = 0, -3*i + 5*i + 2 = f. Let h = 4 - i. What are the prime factors of h?
7
Suppose -9 = -5*s - 29. Let m be 1/2 - 6/s. Let z(h) = h**3 - h**2 - h. What are the prime factors of z(m)?
2
Suppose 296 = -w + 3*w. What are the prime factors of w?
2, 37
Suppose 58 = 4*t - 2*t - 4*q, 205 = 5*t + 5*q. List the prime factors of t.
37
Let g = 13 - 20. Let j(f) = f**2 + 5*f + 2. Let o be j(-3). Let b = o - g. List the prime factors of b.
3
Let s = 22 - 20. Suppose 3*z - 4*x - 66 = 2*z, -s*x + 42 = z. What are the prime factors of z?
2, 5
Let z be (-1485)/(-9) + -4 + 1. Suppose -2*r = o - 22, 3*o - z = 3*r - 51. What are the prime factors of o?
2
Let x(s) = 2*s - 3. Let k be x(6). Let c(v) = -v**3 + 9*v**2 + v. List the prime factors of c(k).
3
Let a = -6 - 14. Let g = -6 - a. What are the prime factors of g?
2, 7
Suppose 3*g - 744 = -5*f + 461, 986 = 4*f - 2*g. List the prime factors of f.
2, 61
Let n(z) = z**3 + 7*z**2 - 7. List the prime factors of n(-5).
43
Let c be -6*1*16/(-12). Suppose 5*l - 5*f - 73 = -c*f, 4*f = -l + 18. What are the prime factors of l?
2, 7
Let n = 200 - 51. List the prime factors of n.
149
Suppose -5*k - 2*t + 871 = -0*k, 5*k - 881 = 3*t. What are the prime factors of k?
5, 7
Let t(a) = 2*a - 3*a + 8 - 2. Let c be t(-6). Suppose -2*i + 8 = -c. List the prime factors of i.
2, 5
Suppose -5*c + 5*q = -1 + 6, -4 = -2*q. Let b = c - 7. Let l(r) = r**2 + 3*r - 7. List the prime factors of l(b).
11
Suppose 4*v = j + j - 58, -3*j = 4*v - 77. List the prime factors of j.
3
Suppose 5*k - 561 = -h + 215, -160 = -k - 5*h. List the prime factors of k.
5, 31
Let q = 20 - 28. What are the prime factors of q*(0/(-1) + -2)?
2
Suppose 0 = 5*a + 2*y + 3*y - 40, 0 = 2*a - 5*y + 19. List the prime factors of a.
3
Suppose -4*k - 42 = 2*q, 2*q - 2*k + 30 = -0*q. Suppose -3*c + 2 = -f, 5*f + 0*c + 28 = -3*c. Let w = f - q. List the prime factors of w.
2, 3
Let n = 6 - 4. Let k(w) = -4*w**3 + w**3 + 4*w**3 + n*w + 5*w**2 - 2. What are the prime factors of k(-4)?
2, 3
Suppose 4*s = 12, -c + 0*s + s = 11. Let v = 21 + c. List the prime factors of v.
13
Let h = -14 + 14. Suppose h = -3*g + 2*x + 40, 2*g - 22 + 6 = 4*x. List the prime factors of g.
2
Suppose 14 = 2*v - 2. Let s(x) = -x**3 + 7*x**2 + 10*x + 3. List the prime factors of s(v).
19
Let a(k) = 2*k - 1. Let x be a(2). Suppose 5*s - 4*c - 284 = -102, 3*s - x*c = 111. Let h = s + -18. List the prime factors of h.
2
Suppose 2*y = 4*q + 322, 5*q + 0*q + 641 = 4*y. What are the prime factors of y?
3, 53
Suppose 4 = -6*k + 178. Suppose -3*i - 2*x + k = 0, -3*i = -3*x - 0 - 9. What are the prime factors of i?
7
Let x(h) = h**2 - 2*h - 4. Let o(f) = 1. Let l(q) = -2*q - 15. Let i(v) = l(v) + 4*o(v). Let c be i(-8). What are the prime factors of x(c)?
11
Suppose -15*h + 129 = -12*h. Let a = h + -11. List the prime factors of a.
2
Suppose -3*a = 3*w - 5*a - 243, -155 = -2*w - a. List the prime factors of w.
79
Let f = 7 - 6. Let d be 63/(-12)*f*-4. List the prime factors of d + (-3)/(-3) + -2.
2, 5
Let x = 4 + 1. Suppose -x*c + 5 + 5 = 3*i, i + 3*c - 2 = 0. List the prime factors of (i/5)/((-2)/(-4)).
2
What are the prime factors of 1065/25 - (-4)/10?
43
Let r(b) = b**2 + 5*b - 1. Suppose -5*y - 42 + 12 = 0. Let j be r(y). Suppose -5*v = -f + j*f - 19, 3*v + 59 = 4*f. List the prime factors of f.
11
Let y(k) = 6*k**2 - 4*k + 14. What are the prime factors of y(4)?
2, 47
Let w(l) = 4*l**2 + l + 1. Let p be w(-1). Suppose p*x = x - b + 119, 0 = -x + 2*b + 35. List the prime factors of x.
3, 13
Let z = 40 + -21. What are the prime factors of z?
19
List the prime factors of (75 + -18)*(0 + 1).
3, 19
Let b(h) = h - 9. Let p be (-3*1)/((-5)/15). Let x be b(p). What are the prime factors of 7 + (1 - 2) + x?
2, 3
Let j = 125 - -87. What are the prime factors of j?
2, 53
Let r be (-8)/(-3) - 2/(-6). Suppose 0 = r*x + 54 + 9. Let v = -10 - x. What are the prime factors of v?
11
Let o(s) = -s**3 + s**2 - s + 5. List the prime factors of o(-5).
2, 5
Let h = -5 - -4. List the prime factors of h/(-3) + (-114)/(-9).
13
Let x(i) = 2*i - 2. Let t be x(-4). Let d = -3 - t. List the prime factors of d.
7
Let r = -32 - -117. What are the prime factors of r?
5, 17
Let p = -12 + 23. List the prime factors of p.
11
Suppose 7*u - 3*u + 4*v - 388 = 0, -2*v = u - 92. Suppose 2*a - u = -a. List the prime factors of a.
2, 17
List the prime factors of 1*87 - -8*2/4.
7, 13
Suppose 0 = -n + 4. List the prime factors of ((-28)/(-8) - 1)*n.
2, 5
Suppose 5*o + 3*m = 6*m - 57, 4*m = 3*o + 32. Let v = o + 16. List the prime factors of v.
2
Let t(p) = -p + 3. Suppose 3*u + 24 = u + 3*v, -10 = -u - 4*v. List the prime factors of t(u).
3
Let y(r) = 2*r**3 - r**2 - 4*r + 3. Let n be y(2). Let v = n + 0. Let s = v - 4. List the prime factors of s.
3
Let m be (2 - (-2 - -1))*1. Suppose 48 = m*d + 5*l, 0 = -4*d - d - l + 80. Suppose 4*o = 6*o - d. What are the prime factors of o?
2
Suppose 1 = 5*r - 4, -14 = -c + r. Suppose 5*f - t + 0*t = c, 5*f + 3*t + 5 = 0. What are the prime factors of f?
2
Let k(b) = b**3 - 4*b**2 + 2*b - 4. Let o be k(4). Suppose 3 = o*x - 5. Suppose m = x*m - 8. List the prime factors of m.
2
Let m(v) = -v - 1. Let c be m(-4). Suppose 5*r - 6 = 4. Suppose -r*i - 5*l - 29 = -4*i, 0 = -i - c*l - 2. List the prime factors of i.
7
Suppose 11*p - 1512 = 2*p. What are the prime factors of p?
2, 3, 7
Let f be -1 - ((0 - 0) + -2). Let b(r) = -3*r - 1 + r + 12*r**3 + 3*r. What are the prime factors of b(f)?
2, 3
Suppose -3*o = -o + 6. Let y(l) = -l**3 - l**2 + l + 1. List the prime factors of y(o).
2
Suppose 0 = 2*z - t - 3, -1 = -2*z + 2*t + 1. Let m be (z - -31) + (-1 - 0). Let i = m + -23. List the prime factors of i.
3
Let g be 6/(-15) - (-24)/10. Suppose -2*k + 101 = 5*o, -o - o - g*k + 38 = 0. List the prime factors of o.
3, 7
Let u(n) = -13*n + 50. List the prime factors of u(-14).
2, 29
Let g(a) = a**2 - 4*a + 4. Let x be g(5). Let b = x - -1. What are the prime factors of b?
2, 5
Suppose 0 = 6*u - u + 110. Let t = 0 - u. List the prime factors of t.
2, 11
Let c(w) = -w**3 + 7*w**2 + 9*w - 5. Let m be c(8). Let t be 0*((-6)/m - -1). Suppose z = 2 - t. What are the prime factors of z?
2
Suppose -50 = 3*c - 8*c. What are the prime factors of c?
2, 5
Suppose o - 3 - 5 = 0. Let j = 12 - o. What are the prime factors of j?
2
Suppose 37 = -3*b + 2*d, d - 1 = -b - d. Let w = -6 - b. List the prime factors of w.
3
Let m(i) = i**3 - 3*i**2 - 4*i + 6. Let x be m(7). Suppose -4*o + 3*q = 74 - 278, x = 3*o + 3*q. What are the prime factors of o?
2, 3
Let q be ((-5)/(-2))/(10/20). Let h(i) = -i**3 + 6*i**2 - 3*i - 4. List the prime factors of h(q).
2, 3
Let y = -32 - -70. What are the prime factors of y?
2, 19
Suppose 4*u - 157 = -25. Let m = -16 + u. What are the prime factors of m?
17
Let t = 27 - -24. What are the prime factors of t?
3, 17
Let i(b) = 6*b**2 + 4*b**2 + 2*b - 2 - b + 15*b**2. Let d be i(2). Suppose 0 = -t - 4*t + d. What are the prime factors of t?
2, 5
Let m = -23 - -25. Let v = 27 + m. List the prime factors of v.
29
Suppose 2*f = 6, -3*f + 2 - 29 = -3*p. What are the prime factors of (-3)/9 + 124/p?
2, 5
Let t = 98 + -50. Suppose 7 = p - 4*r - 8, 0 = 4*p - 4*r - t. List the 